{"id":151,"date":"2020-05-28T11:39:02","date_gmt":"2020-05-28T11:39:02","guid":{"rendered":"https:\/\/motelnolen.com\/?page_id=151"},"modified":"2025-04-03T14:40:50","modified_gmt":"2025-04-03T14:40:50","slug":"maison-de-tourisme-motel-nolen","status":"publish","type":"page","link":"https:\/\/motelnolen.com\/index.php\/maison-de-tourisme-motel-nolen\/","title":{"rendered":"Maison de tourisme"},"content":{"rendered":"\t\t<div data-elementor-type=\"wp-page\" data-elementor-id=\"151\" class=\"elementor elementor-151\" data-elementor-post-type=\"page\">\n\t\t\t\t\t\t<section class=\"elementor-section elementor-top-section elementor-element elementor-element-6b8b754 elementor-section-boxed elementor-section-height-default elementor-section-height-default\" data-id=\"6b8b754\" data-element_type=\"section\" data-e-type=\"section\" data-settings=\"{&quot;background_background&quot;:&quot;classic&quot;}\">\n\t\t\t\t\t\t\t<div class=\"elementor-background-overlay\"><\/div>\n\t\t\t\t\t\t\t<div class=\"elementor-container elementor-column-gap-no\">\n\t\t\t\t\t<div class=\"elementor-column elementor-col-100 elementor-top-column elementor-element elementor-element-574ed435\" data-id=\"574ed435\" data-element_type=\"column\" data-e-type=\"column\">\n\t\t\t<div class=\"elementor-widget-wrap elementor-element-populated\">\n\t\t\t\t\t\t<div class=\"elementor-element elementor-element-1bf43b9e elementor-widget elementor-widget-heading\" data-id=\"1bf43b9e\" data-element_type=\"widget\" data-e-type=\"widget\" data-widget_type=\"heading.default\">\n\t\t\t\t<div class=\"elementor-widget-container\">\n\t\t\t\t\t<h2 class=\"elementor-heading-title elementor-size-default\">Maison \u00e0 louer<\/h2>\t\t\t\t<\/div>\n\t\t\t\t<\/div>\n\t\t\t\t<div class=\"elementor-element elementor-element-475a24a elementor-widget elementor-widget-text-editor\" data-id=\"475a24a\" data-element_type=\"widget\" data-e-type=\"widget\" data-widget_type=\"text-editor.default\">\n\t\t\t\t<div class=\"elementor-widget-container\">\n\t\t\t\t\t\t\t\t\t<p>Une maison chaleureuse et accueillante vous attend<\/p>\t\t\t\t\t\t\t\t<\/div>\n\t\t\t\t<\/div>\n\t\t\t\t\t<\/div>\n\t\t<\/div>\n\t\t\t\t\t<\/div>\n\t\t<\/section>\n\t\t\t\t<section class=\"elementor-section elementor-top-section elementor-element elementor-element-3705148c elementor-section-boxed elementor-section-height-default elementor-section-height-default\" data-id=\"3705148c\" data-element_type=\"section\" data-e-type=\"section\" data-settings=\"{&quot;background_background&quot;:&quot;classic&quot;}\">\n\t\t\t\t\t\t<div class=\"elementor-container elementor-column-gap-default\">\n\t\t\t\t\t<div class=\"elementor-column elementor-col-50 elementor-top-column elementor-element elementor-element-41014fc\" data-id=\"41014fc\" data-element_type=\"column\" data-e-type=\"column\">\n\t\t\t<div class=\"elementor-widget-wrap elementor-element-populated\">\n\t\t\t\t\t\t<div class=\"elementor-element elementor-element-66f35021 elementor-widget elementor-widget-heading\" data-id=\"66f35021\" data-element_type=\"widget\" data-e-type=\"widget\" data-widget_type=\"heading.default\">\n\t\t\t\t<div class=\"elementor-widget-container\">\n\t\t\t\t\t<h2 class=\"elementor-heading-title elementor-size-default\">Maison \u00e0 louer<\/h2>\t\t\t\t<\/div>\n\t\t\t\t<\/div>\n\t\t\t\t<div class=\"elementor-element elementor-element-6b4521b2 elementor-widget elementor-widget-text-editor\" data-id=\"6b4521b2\" data-element_type=\"widget\" data-e-type=\"widget\" data-widget_type=\"text-editor.default\">\n\t\t\t\t<div class=\"elementor-widget-container\">\n\t\t\t\t\t\t\t\t\t<p>Maison \u00e0 louer au mois.<br \/>3 chambres \u00e0 coucher, \u00a02 salles de bain, salon, cuisine, laveuse s\u00e9cheuse accommodant 6 personnes maximum.<\/p><p>Les animaux de compagnie ne sont pas admis. Non fumeur.\u00a0<\/p>\t\t\t\t\t\t\t\t<\/div>\n\t\t\t\t<\/div>\n\t\t\t\t\t<\/div>\n\t\t<\/div>\n\t\t\t\t<div class=\"elementor-column elementor-col-50 elementor-top-column elementor-element elementor-element-4458fd88\" data-id=\"4458fd88\" data-element_type=\"column\" data-e-type=\"column\">\n\t\t\t<div class=\"elementor-widget-wrap elementor-element-populated\">\n\t\t\t\t\t\t<div class=\"elementor-element elementor-element-68c547b5 elementor-widget elementor-widget-image\" data-id=\"68c547b5\" data-element_type=\"widget\" data-e-type=\"widget\" data-widget_type=\"image.default\">\n\t\t\t\t<div class=\"elementor-widget-container\">\n\t\t\t\t\t\t\t\t\t\t\t\t\t\t\t<img fetchpriority=\"high\" decoding=\"async\" width=\"640\" height=\"480\" src=\"https:\/\/motelnolen.com\/wp-content\/uploads\/2020\/05\/149-1.jpg\" class=\"attachment-large size-large wp-image-158\" alt=\"Maison a louer Nolen - Motel region Charlevoix - Hebergement Charlevoix - Ou dormir - ou se loger - Municipalit\u00e9 Saint-Sim\u00e9on - village charlevoix - charlevoix baleine\" srcset=\"https:\/\/motelnolen.com\/wp-content\/uploads\/2020\/05\/149-1.jpg 640w, https:\/\/motelnolen.com\/wp-content\/uploads\/2020\/05\/149-1-300x225.jpg 300w\" sizes=\"(max-width: 640px) 100vw, 640px\" \/>\t\t\t\t\t\t\t\t\t\t\t\t\t\t\t<\/div>\n\t\t\t\t<\/div>\n\t\t\t\t\t<\/div>\n\t\t<\/div>\n\t\t\t\t\t<\/div>\n\t\t<\/section>\n\t\t\t\t<section class=\"elementor-section elementor-top-section elementor-element elementor-element-011d440 elementor-section-boxed elementor-section-height-default elementor-section-height-default\" data-id=\"011d440\" data-element_type=\"section\" data-e-type=\"section\">\n\t\t\t\t\t\t<div class=\"elementor-container elementor-column-gap-default\">\n\t\t\t\t\t<div class=\"elementor-column elementor-col-100 elementor-top-column elementor-element elementor-element-038ac3b\" data-id=\"038ac3b\" data-element_type=\"column\" data-e-type=\"column\">\n\t\t\t<div class=\"elementor-widget-wrap elementor-element-populated\">\n\t\t\t\t\t\t<div class=\"elementor-element elementor-element-20890b8 elementor-widget elementor-widget-text-editor\" data-id=\"20890b8\" data-element_type=\"widget\" data-e-type=\"widget\" data-widget_type=\"text-editor.default\">\n\t\t\t\t<div class=\"elementor-widget-container\">\n\t\t\t\t\t\t\t\t\t<p>Pour r\u00e9servation: (418) 638-5377<\/p>\t\t\t\t\t\t\t\t<\/div>\n\t\t\t\t<\/div>\n\t\t\t\t\t<\/div>\n\t\t<\/div>\n\t\t\t\t\t<\/div>\n\t\t<\/section>\n\t\t\t\t<section class=\"elementor-section elementor-top-section elementor-element elementor-element-e798263 elementor-section-boxed elementor-section-height-default elementor-section-height-default\" data-id=\"e798263\" data-element_type=\"section\" data-e-type=\"section\">\n\t\t\t\t\t\t<div class=\"elementor-container elementor-column-gap-default\">\n\t\t\t\t\t<div class=\"elementor-column elementor-col-100 elementor-top-column elementor-element elementor-element-1312f18\" data-id=\"1312f18\" data-element_type=\"column\" data-e-type=\"column\">\n\t\t\t<div class=\"elementor-widget-wrap elementor-element-populated\">\n\t\t\t\t\t\t<div class=\"elementor-element elementor-element-2390d3f elementor-widget elementor-widget-gallery\" data-id=\"2390d3f\" data-element_type=\"widget\" data-e-type=\"widget\" data-settings=\"{&quot;columns&quot;:3,&quot;lazyload&quot;:&quot;yes&quot;,&quot;gallery_layout&quot;:&quot;grid&quot;,&quot;columns_tablet&quot;:2,&quot;columns_mobile&quot;:1,&quot;gap&quot;:{&quot;unit&quot;:&quot;px&quot;,&quot;size&quot;:10,&quot;sizes&quot;:[]},&quot;gap_tablet&quot;:{&quot;unit&quot;:&quot;px&quot;,&quot;size&quot;:10,&quot;sizes&quot;:[]},&quot;gap_mobile&quot;:{&quot;unit&quot;:&quot;px&quot;,&quot;size&quot;:10,&quot;sizes&quot;:[]},&quot;link_to&quot;:&quot;file&quot;,&quot;aspect_ratio&quot;:&quot;3:2&quot;,&quot;overlay_background&quot;:&quot;yes&quot;,&quot;content_hover_animation&quot;:&quot;fade-in&quot;}\" data-widget_type=\"gallery.default\">\n\t\t\t\t<div class=\"elementor-widget-container\">\n\t\t\t\t\t\t\t<div class=\"elementor-gallery__container\">\n\t\t\t\t\t\t\t<a class=\"e-gallery-item elementor-gallery-item elementor-animated-content\" href=\"https:\/\/motelnolen.com\/wp-content\/uploads\/2020\/05\/075-1.jpg\" data-elementor-open-lightbox=\"yes\" data-elementor-lightbox-slideshow=\"2390d3f\" data-elementor-lightbox-title=\"Motel Nolen - Motel region Charlevoix - Hebergement Charlevoix - Ou dormir - ou se loger - Municipalit\u00e9 Saint-Sim\u00e9on - village charlevoix - charlevoix baleine\" data-elementor-lightbox-description=\"Motel Nolen - Motel region Charlevoix - Hebergement Charlevoix - Ou dormir - ou se loger - Municipalit\u00e9 Saint-Sim\u00e9on - village charlevoix - charlevoix baleine\" data-e-action-hash=\"#elementor-action%3Aaction%3Dlightbox%26settings%3DeyJpZCI6MTYwLCJ1cmwiOiJodHRwczpcL1wvbW90ZWxub2xlbi5jb21cL3dwLWNvbnRlbnRcL3VwbG9hZHNcLzIwMjBcLzA1XC8wNzUtMS5qcGciLCJzbGlkZXNob3ciOiIyMzkwZDNmIn0%3D\">\n\t\t\t\t\t<div class=\"e-gallery-image elementor-gallery-item__image\" data-thumbnail=\"https:\/\/motelnolen.com\/wp-content\/uploads\/2020\/05\/075-1-300x225.jpg\" data-width=\"300\" data-height=\"225\" aria-label=\"Motel Nolen - Motel region Charlevoix - Hebergement Charlevoix - Ou dormir - ou se loger - Municipalit\u00e9 Saint-Sim\u00e9on - village charlevoix - charlevoix baleine\" role=\"img\" ><\/div>\n\t\t\t\t\t\t\t\t\t\t\t<div class=\"elementor-gallery-item__overlay\"><\/div>\n\t\t\t\t\t\t\t\t\t\t\t\t\t\t<\/a>\n\t\t\t\t\t\t\t<a class=\"e-gallery-item elementor-gallery-item elementor-animated-content\" href=\"https:\/\/motelnolen.com\/wp-content\/uploads\/2020\/05\/076-1.jpg\" data-elementor-open-lightbox=\"yes\" data-elementor-lightbox-slideshow=\"2390d3f\" data-elementor-lightbox-title=\"Motel Nolen - Motel region Charlevoix - Hebergement Charlevoix - Ou dormir - ou se loger - Municipalit\u00e9 Saint-Sim\u00e9on - village charlevoix - charlevoix baleine\" data-elementor-lightbox-description=\"Motel Nolen - Motel region Charlevoix - Hebergement Charlevoix - Ou dormir - ou se loger - Municipalit\u00e9 Saint-Sim\u00e9on - village charlevoix - charlevoix baleine\" data-e-action-hash=\"#elementor-action%3Aaction%3Dlightbox%26settings%3DeyJpZCI6MTYxLCJ1cmwiOiJodHRwczpcL1wvbW90ZWxub2xlbi5jb21cL3dwLWNvbnRlbnRcL3VwbG9hZHNcLzIwMjBcLzA1XC8wNzYtMS5qcGciLCJzbGlkZXNob3ciOiIyMzkwZDNmIn0%3D\">\n\t\t\t\t\t<div class=\"e-gallery-image elementor-gallery-item__image\" data-thumbnail=\"https:\/\/motelnolen.com\/wp-content\/uploads\/2020\/05\/076-1-300x225.jpg\" data-width=\"300\" data-height=\"225\" aria-label=\"Motel Nolen - Motel region Charlevoix - Hebergement Charlevoix - Ou dormir - ou se loger - Municipalit\u00e9 Saint-Sim\u00e9on - village charlevoix - charlevoix baleine\" role=\"img\" ><\/div>\n\t\t\t\t\t\t\t\t\t\t\t<div class=\"elementor-gallery-item__overlay\"><\/div>\n\t\t\t\t\t\t\t\t\t\t\t\t\t\t<\/a>\n\t\t\t\t\t\t\t<a class=\"e-gallery-item elementor-gallery-item elementor-animated-content\" href=\"https:\/\/motelnolen.com\/wp-content\/uploads\/2020\/05\/080-1.jpg\" data-elementor-open-lightbox=\"yes\" data-elementor-lightbox-slideshow=\"2390d3f\" data-elementor-lightbox-title=\"Motel Nolen - Motel region Charlevoix - Hebergement Charlevoix - Ou dormir - ou se loger - Municipalit\u00e9 Saint-Sim\u00e9on - village charlevoix - charlevoix baleine\" data-elementor-lightbox-description=\"Motel Nolen - Motel region Charlevoix - Hebergement Charlevoix - Ou dormir - ou se loger - Municipalit\u00e9 Saint-Sim\u00e9on - village charlevoix - charlevoix baleine\" data-e-action-hash=\"#elementor-action%3Aaction%3Dlightbox%26settings%3DeyJpZCI6MTYzLCJ1cmwiOiJodHRwczpcL1wvbW90ZWxub2xlbi5jb21cL3dwLWNvbnRlbnRcL3VwbG9hZHNcLzIwMjBcLzA1XC8wODAtMS5qcGciLCJzbGlkZXNob3ciOiIyMzkwZDNmIn0%3D\">\n\t\t\t\t\t<div class=\"e-gallery-image elementor-gallery-item__image\" data-thumbnail=\"https:\/\/motelnolen.com\/wp-content\/uploads\/2020\/05\/080-1-300x225.jpg\" data-width=\"300\" data-height=\"225\" aria-label=\"Motel Nolen - Motel region Charlevoix - Hebergement Charlevoix - Ou dormir - ou se loger - Municipalit\u00e9 Saint-Sim\u00e9on - village charlevoix - charlevoix baleine\" role=\"img\" ><\/div>\n\t\t\t\t\t\t\t\t\t\t\t<div class=\"elementor-gallery-item__overlay\"><\/div>\n\t\t\t\t\t\t\t\t\t\t\t\t\t\t<\/a>\n\t\t\t\t\t\t\t<a class=\"e-gallery-item elementor-gallery-item elementor-animated-content\" href=\"https:\/\/motelnolen.com\/wp-content\/uploads\/2020\/05\/086-1.jpg\" data-elementor-open-lightbox=\"yes\" data-elementor-lightbox-slideshow=\"2390d3f\" data-elementor-lightbox-title=\"Motel Nolen - Motel region Charlevoix - Hebergement Charlevoix - Ou dormir - ou se loger - Municipalit\u00e9 Saint-Sim\u00e9on - village charlevoix - charlevoix baleine\" data-elementor-lightbox-description=\"Motel Nolen - Motel region Charlevoix - Hebergement Charlevoix - Ou dormir - ou se loger - Municipalit\u00e9 Saint-Sim\u00e9on - village charlevoix - charlevoix baleine\" data-e-action-hash=\"#elementor-action%3Aaction%3Dlightbox%26settings%3DeyJpZCI6MTY0LCJ1cmwiOiJodHRwczpcL1wvbW90ZWxub2xlbi5jb21cL3dwLWNvbnRlbnRcL3VwbG9hZHNcLzIwMjBcLzA1XC8wODYtMS5qcGciLCJzbGlkZXNob3ciOiIyMzkwZDNmIn0%3D\">\n\t\t\t\t\t<div class=\"e-gallery-image elementor-gallery-item__image\" data-thumbnail=\"https:\/\/motelnolen.com\/wp-content\/uploads\/2020\/05\/086-1-300x225.jpg\" data-width=\"300\" data-height=\"225\" aria-label=\"Motel Nolen - Motel region Charlevoix - Hebergement Charlevoix - Ou dormir - ou se loger - Municipalit\u00e9 Saint-Sim\u00e9on - village charlevoix - charlevoix baleine\" role=\"img\" ><\/div>\n\t\t\t\t\t\t\t\t\t\t\t<div class=\"elementor-gallery-item__overlay\"><\/div>\n\t\t\t\t\t\t\t\t\t\t\t\t\t\t<\/a>\n\t\t\t\t\t\t\t<a class=\"e-gallery-item elementor-gallery-item elementor-animated-content\" href=\"https:\/\/motelnolen.com\/wp-content\/uploads\/2020\/05\/093-1.jpg\" data-elementor-open-lightbox=\"yes\" data-elementor-lightbox-slideshow=\"2390d3f\" data-elementor-lightbox-title=\"Motel Nolen - Motel region Charlevoix - Hebergement Charlevoix - Ou dormir - ou se loger - Municipalit\u00e9 Saint-Sim\u00e9on - village charlevoix - charlevoix baleine\" data-elementor-lightbox-description=\"Motel Nolen - Motel region Charlevoix - Hebergement Charlevoix - Ou dormir - ou se loger - Municipalit\u00e9 Saint-Sim\u00e9on - village charlevoix - charlevoix baleine\" data-e-action-hash=\"#elementor-action%3Aaction%3Dlightbox%26settings%3DeyJpZCI6MTY1LCJ1cmwiOiJodHRwczpcL1wvbW90ZWxub2xlbi5jb21cL3dwLWNvbnRlbnRcL3VwbG9hZHNcLzIwMjBcLzA1XC8wOTMtMS5qcGciLCJzbGlkZXNob3ciOiIyMzkwZDNmIn0%3D\">\n\t\t\t\t\t<div class=\"e-gallery-image elementor-gallery-item__image\" data-thumbnail=\"https:\/\/motelnolen.com\/wp-content\/uploads\/2020\/05\/093-1-300x225.jpg\" data-width=\"300\" data-height=\"225\" aria-label=\"Motel Nolen - Motel region Charlevoix - Hebergement Charlevoix - Ou dormir - ou se loger - Municipalit\u00e9 Saint-Sim\u00e9on - village charlevoix - charlevoix baleine\" role=\"img\" ><\/div>\n\t\t\t\t\t\t\t\t\t\t\t<div class=\"elementor-gallery-item__overlay\"><\/div>\n\t\t\t\t\t\t\t\t\t\t\t\t\t\t<\/a>\n\t\t\t\t\t\t\t<a class=\"e-gallery-item elementor-gallery-item elementor-animated-content\" href=\"https:\/\/motelnolen.com\/wp-content\/uploads\/2020\/05\/bru-053-1.jpg\" data-elementor-open-lightbox=\"yes\" data-elementor-lightbox-slideshow=\"2390d3f\" data-elementor-lightbox-title=\"Motel Nolen - Motel region Charlevoix - Hebergement Charlevoix - Ou dormir - ou se loger - Municipalit\u00e9 Saint-Sim\u00e9on - village charlevoix - charlevoix baleine\" data-elementor-lightbox-description=\"Motel Nolen - Motel region Charlevoix - Hebergement Charlevoix - Ou dormir - ou se loger - Municipalit\u00e9 Saint-Sim\u00e9on - village charlevoix - charlevoix baleine\" data-e-action-hash=\"#elementor-action%3Aaction%3Dlightbox%26settings%3DeyJpZCI6MTY2LCJ1cmwiOiJodHRwczpcL1wvbW90ZWxub2xlbi5jb21cL3dwLWNvbnRlbnRcL3VwbG9hZHNcLzIwMjBcLzA1XC9icnUtMDUzLTEuanBnIiwic2xpZGVzaG93IjoiMjM5MGQzZiJ9\">\n\t\t\t\t\t<div class=\"e-gallery-image elementor-gallery-item__image\" data-thumbnail=\"https:\/\/motelnolen.com\/wp-content\/uploads\/2020\/05\/bru-053-1-300x225.jpg\" data-width=\"300\" data-height=\"225\" aria-label=\"Motel Nolen - Motel region Charlevoix - Hebergement Charlevoix - Ou dormir - ou se loger - Municipalit\u00e9 Saint-Sim\u00e9on - village charlevoix - charlevoix baleine\" role=\"img\" ><\/div>\n\t\t\t\t\t\t\t\t\t\t\t<div class=\"elementor-gallery-item__overlay\"><\/div>\n\t\t\t\t\t\t\t\t\t\t\t\t\t\t<\/a>\n\t\t\t\t\t<\/div>\n\t\t\t\t\t<\/div>\n\t\t\t\t<\/div>\n\t\t\t\t\t<\/div>\n\t\t<\/div>\n\t\t\t\t\t<\/div>\n\t\t<\/section>\n\t\t\t\t<\/div>\n\t\t","protected":false},"excerpt":{"rendered":"<p>Maison \u00e0 louer Une maison chaleureuse et accueillante vous attend Maison \u00e0 louer Maison \u00e0 louer au mois.3 chambres \u00e0 coucher, \u00a02 salles de bain, salon, cuisine, laveuse s\u00e9cheuse accommodant 6 personnes maximum. Les animaux de compagnie ne sont pas admis. Non fumeur.\u00a0 Pour r\u00e9servation: (418) 638-5377<\/p>\n","protected":false},"author":1,"featured_media":0,"parent":0,"menu_order":0,"comment_status":"closed","ping_status":"closed","template":"elementor_header_footer","meta":{"footnotes":""},"class_list":["post-151","page","type-page","status-publish","hentry","entry"],"yoast_head":"<!-- This site is optimized with the Yoast SEO plugin v26.8 - https:\/\/yoast.com\/product\/yoast-seo-wordpress\/ -->\n<title>Maison de tourisme - Motel Nolen Motel Charlevoix - H\u00e9bergement Charlevoix<\/title>\n<meta name=\"description\" content=\"Motel Charlevoix - H\u00e9bergement r\u00e9gion Charlevoix - Ou dormir - ou se loger - Tourisme \/ Destination Charlevoix - Fleuve st-Laurent - Municipalite St-Sim\u00e9on\" \/>\n<meta name=\"robots\" content=\"index, follow, max-snippet:-1, max-image-preview:large, max-video-preview:-1\" \/>\n<link rel=\"canonical\" href=\"https:\/\/motelnolen.com\/index.php\/maison-de-tourisme-motel-nolen\/\" \/>\n<meta property=\"og:locale\" content=\"fr_FR\" \/>\n<meta property=\"og:type\" content=\"article\" \/>\n<meta property=\"og:title\" content=\"Maison de tourisme - Motel Nolen Motel Charlevoix - H\u00e9bergement Charlevoix\" \/>\n<meta property=\"og:description\" content=\"Motel Charlevoix - H\u00e9bergement r\u00e9gion Charlevoix - Ou dormir - ou se loger - Tourisme \/ Destination Charlevoix - Fleuve st-Laurent - Municipalite St-Sim\u00e9on\" \/>\n<meta property=\"og:url\" content=\"https:\/\/motelnolen.com\/index.php\/maison-de-tourisme-motel-nolen\/\" \/>\n<meta property=\"og:site_name\" content=\"Motel Nolen\" \/>\n<meta property=\"article:modified_time\" content=\"2025-04-03T14:40:50+00:00\" \/>\n<meta property=\"og:image\" content=\"https:\/\/motelnolen.com\/wp-content\/uploads\/2020\/05\/149-1.jpg\" \/>\n\t<meta property=\"og:image:width\" content=\"640\" \/>\n\t<meta property=\"og:image:height\" content=\"480\" \/>\n\t<meta property=\"og:image:type\" content=\"image\/jpeg\" \/>\n<meta name=\"twitter:card\" content=\"summary_large_image\" \/>\n<meta name=\"twitter:label1\" content=\"Dur\u00e9e de lecture estim\u00e9e\" \/>\n\t<meta name=\"twitter:data1\" content=\"1 minute\" \/>\n<script type=\"application\/ld+json\" class=\"yoast-schema-graph\">{\"@context\":\"https:\/\/schema.org\",\"@graph\":[{\"@type\":\"WebPage\",\"@id\":\"https:\/\/motelnolen.com\/index.php\/maison-de-tourisme-motel-nolen\/\",\"url\":\"https:\/\/motelnolen.com\/index.php\/maison-de-tourisme-motel-nolen\/\",\"name\":\"Maison de tourisme - Motel Nolen Motel Charlevoix - H\u00e9bergement Charlevoix\",\"isPartOf\":{\"@id\":\"https:\/\/motelnolen.com\/#website\"},\"primaryImageOfPage\":{\"@id\":\"https:\/\/motelnolen.com\/index.php\/maison-de-tourisme-motel-nolen\/#primaryimage\"},\"image\":{\"@id\":\"https:\/\/motelnolen.com\/index.php\/maison-de-tourisme-motel-nolen\/#primaryimage\"},\"thumbnailUrl\":\"https:\/\/motelnolen.com\/wp-content\/uploads\/2020\/05\/149-1.jpg\",\"datePublished\":\"2020-05-28T11:39:02+00:00\",\"dateModified\":\"2025-04-03T14:40:50+00:00\",\"description\":\"Motel Charlevoix - H\u00e9bergement r\u00e9gion Charlevoix - Ou dormir - ou se loger - Tourisme \/ Destination Charlevoix - Fleuve st-Laurent - Municipalite St-Sim\u00e9on\",\"breadcrumb\":{\"@id\":\"https:\/\/motelnolen.com\/index.php\/maison-de-tourisme-motel-nolen\/#breadcrumb\"},\"inLanguage\":\"fr-FR\",\"potentialAction\":[{\"@type\":\"ReadAction\",\"target\":[\"https:\/\/motelnolen.com\/index.php\/maison-de-tourisme-motel-nolen\/\"]}]},{\"@type\":\"ImageObject\",\"inLanguage\":\"fr-FR\",\"@id\":\"https:\/\/motelnolen.com\/index.php\/maison-de-tourisme-motel-nolen\/#primaryimage\",\"url\":\"https:\/\/motelnolen.com\/wp-content\/uploads\/2020\/05\/149-1.jpg\",\"contentUrl\":\"https:\/\/motelnolen.com\/wp-content\/uploads\/2020\/05\/149-1.jpg\",\"width\":640,\"height\":480,\"caption\":\"Motel Nolen - Motel region Charlevoix - Hebergement Charlevoix - Ou dormir - ou se loger - Municipalit\u00e9 Saint-Sim\u00e9on - village charlevoix - charlevoix baleine\"},{\"@type\":\"BreadcrumbList\",\"@id\":\"https:\/\/motelnolen.com\/index.php\/maison-de-tourisme-motel-nolen\/#breadcrumb\",\"itemListElement\":[{\"@type\":\"ListItem\",\"position\":1,\"name\":\"Accueil\",\"item\":\"https:\/\/motelnolen.com\/\"},{\"@type\":\"ListItem\",\"position\":2,\"name\":\"Maison de tourisme\"}]},{\"@type\":\"WebSite\",\"@id\":\"https:\/\/motelnolen.com\/#website\",\"url\":\"https:\/\/motelnolen.com\/\",\"name\":\"Motel Nolen\",\"description\":\"\",\"potentialAction\":[{\"@type\":\"SearchAction\",\"target\":{\"@type\":\"EntryPoint\",\"urlTemplate\":\"https:\/\/motelnolen.com\/?s={search_term_string}\"},\"query-input\":{\"@type\":\"PropertyValueSpecification\",\"valueRequired\":true,\"valueName\":\"search_term_string\"}}],\"inLanguage\":\"fr-FR\"}]}<\/script>\n<!-- \/ Yoast SEO plugin. -->","yoast_head_json":{"title":"Maison de tourisme - Motel Nolen Motel Charlevoix - H\u00e9bergement Charlevoix","description":"Motel Charlevoix - H\u00e9bergement r\u00e9gion Charlevoix - Ou dormir - ou se loger - Tourisme \/ Destination Charlevoix - Fleuve st-Laurent - Municipalite St-Sim\u00e9on","robots":{"index":"index","follow":"follow","max-snippet":"max-snippet:-1","max-image-preview":"max-image-preview:large","max-video-preview":"max-video-preview:-1"},"canonical":"https:\/\/motelnolen.com\/index.php\/maison-de-tourisme-motel-nolen\/","og_locale":"fr_FR","og_type":"article","og_title":"Maison de tourisme - Motel Nolen Motel Charlevoix - H\u00e9bergement Charlevoix","og_description":"Motel Charlevoix - H\u00e9bergement r\u00e9gion Charlevoix - Ou dormir - ou se loger - Tourisme \/ Destination Charlevoix - Fleuve st-Laurent - Municipalite St-Sim\u00e9on","og_url":"https:\/\/motelnolen.com\/index.php\/maison-de-tourisme-motel-nolen\/","og_site_name":"Motel Nolen","article_modified_time":"2025-04-03T14:40:50+00:00","og_image":[{"width":640,"height":480,"url":"https:\/\/motelnolen.com\/wp-content\/uploads\/2020\/05\/149-1.jpg","type":"image\/jpeg"}],"twitter_card":"summary_large_image","twitter_misc":{"Dur\u00e9e de lecture estim\u00e9e":"1 minute"},"schema":{"@context":"https:\/\/schema.org","@graph":[{"@type":"WebPage","@id":"https:\/\/motelnolen.com\/index.php\/maison-de-tourisme-motel-nolen\/","url":"https:\/\/motelnolen.com\/index.php\/maison-de-tourisme-motel-nolen\/","name":"Maison de tourisme - Motel Nolen Motel Charlevoix - H\u00e9bergement Charlevoix","isPartOf":{"@id":"https:\/\/motelnolen.com\/#website"},"primaryImageOfPage":{"@id":"https:\/\/motelnolen.com\/index.php\/maison-de-tourisme-motel-nolen\/#primaryimage"},"image":{"@id":"https:\/\/motelnolen.com\/index.php\/maison-de-tourisme-motel-nolen\/#primaryimage"},"thumbnailUrl":"https:\/\/motelnolen.com\/wp-content\/uploads\/2020\/05\/149-1.jpg","datePublished":"2020-05-28T11:39:02+00:00","dateModified":"2025-04-03T14:40:50+00:00","description":"Motel Charlevoix - H\u00e9bergement r\u00e9gion Charlevoix - Ou dormir - ou se loger - Tourisme \/ Destination Charlevoix - Fleuve st-Laurent - Municipalite St-Sim\u00e9on","breadcrumb":{"@id":"https:\/\/motelnolen.com\/index.php\/maison-de-tourisme-motel-nolen\/#breadcrumb"},"inLanguage":"fr-FR","potentialAction":[{"@type":"ReadAction","target":["https:\/\/motelnolen.com\/index.php\/maison-de-tourisme-motel-nolen\/"]}]},{"@type":"ImageObject","inLanguage":"fr-FR","@id":"https:\/\/motelnolen.com\/index.php\/maison-de-tourisme-motel-nolen\/#primaryimage","url":"https:\/\/motelnolen.com\/wp-content\/uploads\/2020\/05\/149-1.jpg","contentUrl":"https:\/\/motelnolen.com\/wp-content\/uploads\/2020\/05\/149-1.jpg","width":640,"height":480,"caption":"Motel Nolen - Motel region Charlevoix - Hebergement Charlevoix - Ou dormir - ou se loger - Municipalit\u00e9 Saint-Sim\u00e9on - village charlevoix - charlevoix baleine"},{"@type":"BreadcrumbList","@id":"https:\/\/motelnolen.com\/index.php\/maison-de-tourisme-motel-nolen\/#breadcrumb","itemListElement":[{"@type":"ListItem","position":1,"name":"Accueil","item":"https:\/\/motelnolen.com\/"},{"@type":"ListItem","position":2,"name":"Maison de tourisme"}]},{"@type":"WebSite","@id":"https:\/\/motelnolen.com\/#website","url":"https:\/\/motelnolen.com\/","name":"Motel Nolen","description":"","potentialAction":[{"@type":"SearchAction","target":{"@type":"EntryPoint","urlTemplate":"https:\/\/motelnolen.com\/?s={search_term_string}"},"query-input":{"@type":"PropertyValueSpecification","valueRequired":true,"valueName":"search_term_string"}}],"inLanguage":"fr-FR"}]}},"_links":{"self":[{"href":"https:\/\/motelnolen.com\/index.php\/wp-json\/wp\/v2\/pages\/151","targetHints":{"allow":["GET"]}}],"collection":[{"href":"https:\/\/motelnolen.com\/index.php\/wp-json\/wp\/v2\/pages"}],"about":[{"href":"https:\/\/motelnolen.com\/index.php\/wp-json\/wp\/v2\/types\/page"}],"author":[{"embeddable":true,"href":"https:\/\/motelnolen.com\/index.php\/wp-json\/wp\/v2\/users\/1"}],"replies":[{"embeddable":true,"href":"https:\/\/motelnolen.com\/index.php\/wp-json\/wp\/v2\/comments?post=151"}],"version-history":[{"count":38,"href":"https:\/\/motelnolen.com\/index.php\/wp-json\/wp\/v2\/pages\/151\/revisions"}],"predecessor-version":[{"id":467,"href":"https:\/\/motelnolen.com\/index.php\/wp-json\/wp\/v2\/pages\/151\/revisions\/467"}],"wp:attachment":[{"href":"https:\/\/motelnolen.com\/index.php\/wp-json\/wp\/v2\/media?parent=151"}],"curies":[{"name":"wp","href":"https:\/\/api.w.org\/{rel}","templated":true}]}}